f 25148596?
9
What is the tens digit of 554968002?
0
What is the hundred thousands digit of 36607103?
6
What is the thousands digit of 3212445758?
5
What is the millions digit of 1230129696?
0
What is the billions digit of 1080380193?
1
What is the ten millions digit of 37494784?
3
What is the ten thousands digit of 562722533?
2
What is the hundred millions digit of 234795796?
2
What is the hundred thousands digit of 77659868?
6
What is the tens digit of 140715962?
6
What is the hundreds digit of 55880544?
5
What is the hundred thousands digit of 1180286948?
2
What is the millions digit of 1404800821?
4
What is the millions digit of 92768029?
2
What is the hundred thousands digit of 3706630?
7
What is the millions digit of 3141916907?
1
What is the thousands digit of 69638707?
8
What is the thousands digit of 28276307?
6
What is the units digit of 7566608?
8
What is the ten millions digit of 22215247?
2
What is the ten thousands digit of 249564102?
6
What is the ten millions digit of 78620198?
7
What is the hundred millions digit of 235255441?
2
What is the hundred thousands digit of 79383919?
3
What is the hundreds digit of 45625401?
4
What is the tens digit of 606182042?
4
What is the thousands digit of 85133418?
3
What is the millions digit of 23058992?
3
What is the hundreds digit of 9132870?
8
What is the ten millions digit of 376381375?
7
What is the hundred millions digit of 1031301617?
0
What is the ten millions digit of 170416727?
7
What is the units digit of 152926393?
3
What is the thousands digit of 447289541?
9
What is the thousands digit of 3035629380?
9
What is the millions digit of 2343024549?
3
What is the ten thousands digit of 430215087?
1
What is the hundreds digit of 321748397?
3
What is the thousands digit of 1266055282?
5
What is the ten thousands digit of 27421545?
2
What is the millions digit of 63444602?
3
What is the units digit of 81622307?
7
What is the tens digit of 12414419?
1
What is the ten thousands digit of 497916337?
1
What is the tens digit of 3393636725?
2
What is the millions digit of 1075867848?
5
What is the hundred millions digit of 115801284?
1
What is the units digit of 76521064?
4
What is the hundreds digit of 1911889917?
9
What is the thousands digit of 1567171486?
1
What is the billions digit of 4191534494?
4
What is the tens digit of 89650997?
9
What is the units digit of 31566026?
6
What is the ten millions digit of 179906713?
7
What is the hundreds digit of 132707893?
8
What is the hundred millions digit of 4660471981?
6
What is the ten thousands digit of 5510560774?
6
What is the tens digit of 252626546?
4
What is the millions digit of 23243617?
3
What is the hundred thousands digit of 40556310?
5
What is the ten thousands digit of 8416218?
1
What is the thousands digit of 37947699?
7
What is the thousands digit of 48871891?
1
What is the ten thousands digit of 69923881?
2
What is the ten millions digit of 97393337?
9
What is the hundred thousands digit of 37343905?
3
What is the hundred millions digit of 1758340599?
7
What is the millions digit of 39995366?
9
What is the hundred thousands digit of 84034729?
0
What is the ten thousands digit of 567825283?
2
What is the units digit of 10925693?
3
What is the ten millions digit of 1093869094?
9
What is the hundreds digit of 187318431?
4
What is the ten millions digit of 36081479?
3
What is the thousands digit of 1510603490?
3
What is the millions digit of 169491240?
9
What is the ten millions digit of 1399184984?
9
What is the ten millions digit of 14567823?
1
What is the units digit of 6221963713?
3
What is the hundred millions digit of 394880625?
3
What is the ten thousands digit of 389637849?
3
What is the hundred millions digit of 412838456?
4
What is the hundred millions digit of 221478623?
2
What is the units digit of 43066021?
1
What is the units digit of 99473692?
2
What is the millions digit of 1024470850?
4
What is the units digit of 113106987?
7
What is the units digit of 107054609?
9
What is the thousands digit of 108390283?
0
What is the hundred millions digit of 265917150?
2
What is the units digit of 136685569?
9
What is the millions digit of 125393747?
5
What is the hundred millions digit of 119983482?
1
What is the millions digit of 357005232?
7
What is the thousands digit of 93969327?
9
What is the millions digit of 1336766145?
6
What is the hundred millions digit of 3560369032?
5
What is the hundred thousands digit of 38546573?
5
What is the tens digit of 251821514?
1
What is the ten millions digit of 81569775?
8
What is the ten thousands digit of 194590874?
9
What is the units digit of 32138681?
1
What is the hundreds digit of 1313325542?
5
What is the ten thousands digit of 246808757?
0
What is the hundreds digit of 4547089?
0
What is the millions digit of 200244307?
0
What is the hundreds digit of 18799124?
1
What is the hundreds digit of 62916031?
0
What is the ten thousands digit of 4024396235?
9
What is the hundreds digit of 330247722?
7
What is the ten millions digit of 1062992905?
6
What is the hundred thousands digit of 10799472?
7
What is the millions digit of 5571775175?
1
What is the ten thousands digit of 80634716?
3
What is the hundred thousands digit of 147417942?
4
What is the thousands digit of 1234679792?
9
What is the tens digit of 64307020?
2
What is the units digit of 41381101?
1
What is the units digit of 1386641960?
0
What is the tens digit of 5506997964?
6
What is the units digit of 3831536?
6
What is the ten thousands digit of 866523338?
2
What is the ten millions digit of 108253317?
0
What is the millions digit of 2321670148?
1
What is the millions digit of 1247677548?
7
What is the hundred thousands digit of 1604722537?
7
What is the units digit of 103432496?
6
What is the tens digit of 755268468?
6
What is the ten thousands digit of 544285125?
8
What is the ten thousands digit of 2367306723?
0
What is the tens digit of 221863998?
9
What is the units digit of 112775803?
3
What is the millions digit of 470151621?
0
What is the hundred millions digit of 3362812531?
3
What is the ten thousands digit of 4604893586?
9
What is the tens digit of 153285586?
8
What is the hundred thousands digit of 1040567258?
5
What is the ten millions digit of 943355129?
4
What is the tens digit of 1155798355?
5
What is the units digit of 156089145?
5
What is the ten thousands digit of 80755921?
5
What is the tens digit of 368182377?
7
What is the hundred thousands digit of 28655157?
6
What is the tens digit of 10122738?
3
What is the ten thousands digit of 471645234?
4
What is the hundred thousands digit of 217285699?
2
What is the millions digit of 8500624?
8
What is the hundreds digit of 116323977?
9
What is the hundred millions digit of 163090926?
1
What is the hundreds digit of 71203533?
5
What is the hundreds digit of 83474623?
6
What is the thousands digit of 149119682?
9
What is the millions digit of 182566523?
2
What is the thousands digit of 144047745?
7
What is the units digit of 47263972?
2
What is the units digit of 195993733?
3
What is the ten thousands digit of 16122577?
2
What is the ten millions digit of 444866881?
4
What is the millions digit of 1892269071?
2
What is the tens digit of 86561036?
3
What is the millions digit of 71316869?
1
What is the hundreds digit of 216341087?
0
What is the hundreds digit of 1527352?
3
What is the millions digit of 386236921?
6
What is the hundred thousands digit of 3323526372?
5
What is the ten thousands digit of 52952290?
5
What is the units digit of 750174714?
4
What is the units digit of 1069154731?
1
What is the tens digit of 62966162?
6
What is the thousands digit of 449764703?
4
What is the tens digit of 13528416?
1
What is the hundred millions digit of 159671819?
1
What is the units digit of 742469597?
7
What is the units digit of 148023236?
6
What is the ten millions digit of 603931632?
0
What is the millions digit of 356658297?
6
What is the units digit of 41432808?
8
What is the tens digit of 1616339059?
5
What is the millions digit of 42990285?
2
What is the hundreds digit of 3464781184?
1
What is the thousands digit of 1607076597?
6
What is the ten millions digit of 76007880?
7
What is the thousands digit of 179583118?
3
What is the units digit of 278034